 74*c - d = 64*c. Let i(a) = -a**2 + 10*a + 5. Calculate i(c).
14
Suppose 48 = -5*y - 3*u + 75, -u = 2*y - 11. Let m(g) = g**2 - 5*g - 11. Give m(y).
-5
Let i(k) be the second derivative of -k**4/12 + k**3/3 - 3*k**2/2 + 12*k. Let h(b) = 2*b**3 + 99*b**2 - 51*b - 46. Let t be h(-50). Give i(t).
-11
Let b(p) = -p**3 + 5*p**2 + 3*p - 1. Let n be b(4). Suppose -2*o = w - 4 + 38, -w - 124 = 20*o. Let y be -4*(n/42)/(w/(-28)). Let d(l) = -l**2 + 1. Give d(y).
-8
Let b(k) = 5*k**2 + k - 4. Suppose -19*x + 24*x - 29 = -4*d, d = 6. Calculate b(x).
2
Let u(b) = -9*b - 20. Suppose j + 25 = 20*w - 22*w, 0 = -3*w + j - 30. Give u(w).
79
Let w(t) = -1 - t**3 + 13 - 3986*t**2 + 3976*t**2 - 12*t. What is w(-9)?
39
Let r(q) = -q + 1. Suppose 15*k - 20*k - 5 = 0. Let x(m) = 5*m - 12. Suppose 4*p - 11*l + 29 = -6*l, -l + 13 = -2*p. Let v(f) = k*x(f) + p*r(f). Give v(-6).
0
Let t(a) be the second derivative of -2*a**2 + 216*a + 0 + a**3 + 1/6*a**4. Give t(-5).
16
Let g(w) = -13*w**3 - 2*w**2 - w. Let m(j) = -j**2 - 8*j - 10. Let n be m(-6). Suppose 0 = 3*a - l, 0 = -n*a - l - 2 - 3. Determine g(a).
12
Let n be ((-1)/4)/(133/(-760))*(-12 - 2). Let x(c) = 2*c - 25. Calculate x(n).
-65
Let q be ((-8)/12)/(1 + (-34)/30). Suppose q*i - 5*v - 10 = 0, v = -2*v. Let g(b) = -i - 21*b + 23*b + 5 + 2. Give g(-4).
-3
Let j(h) = -h**2 - 2*h + 11. Let f be j(-5). Let v = f - -4. Let d(w) = 8 - 16 - w + v*w. What is d(-8)?
0
Let f(v) = -2899*v**2 - 6*v + 7 + 3*v**3 - 2*v**3 + 2899*v**2. Determine f(1).
2
Let x = 14 + -11. Suppose -x*w - 4*a + 106 = 0, -4*a + 35 = w - 3*a. Let y(o) = 38 + o + w - 80. What is y(5)?
-3
Let q(w) = 2*w**2 + 18*w - 8*w**2 + 10*w**2 - 6*w**2 - 9. Calculate q(8).
7
Suppose 0 = 11*o - 869 - 429. Let j(w) = 2*w + 106 - w**2 - 3*w - o - 7*w. Calculate j(-5).
3
Let k(g) be the first derivative of g**3/3 - 3*g**2 - 88*g - 2181. Give k(-7).
3
Suppose 2*k + 2*r = 26, 8*k - 3*r = 7*k + 1. Let g(v) = 6*v - v + 14 - k*v + 6*v. What is g(-11)?
3
Let u(k) = 2*k. Let z be (0 - 2/(-4))/(66/264). Suppose -270 + 282 = -z*a. What is u(a)?
-12
Let v(n) = -11*n - 4. Let q(w) = -2*w + 43 - 43. Let f(k) = -5*q(k) + v(k). Give f(-9).
5
Let o(d) = -d**2 + 8*d - 10. Let g = 139 - 137. Suppose 41 = 5*y - g*t, 4*y - 15*t = -14*t + 31. Give o(y).
-3
Let g(d) = -d + 2. Let m(k) = -9*k + 6. Let f(j) = -8*j + 3. Let s(y) = -5*f(y) + 4*m(y). Let i(h) = -3*g(h) + s(h). What is i(-3)?
-18
Let o be ((-8)/(-5))/(22/495). Let z(i) = -2 + 2*i - 36*i**2 + i**3 - 2*i**3 + o*i**2. What is z(1)?
-1
Let u(n) = -2*n**2 - 4*n + 9. Let p = -23957 + 23953. Calculate u(p).
-7
Let k(v) = 17579 + 8*v**2 - 2*v - 17577 + v. Give k(1).
9
Suppose -r - 14 = -6*r + 2*z, -8 = r + 5*z. Let k(h) = 5*h - h**3 + 6*h**r + 11*h - 5 - 22*h + 9*h. Give k(6).
13
Let f(c) be the first derivative of c**2 + c - 102. Let g(j) = -5*j - 5. Let p(z) = 3*f(z) + g(z). Determine p(-3).
-5
Let s(g) = -7*g. Let k be s(2). Let q(t) = 21*t**2 - 15*t + 23. Let l(b) = -11*b**2 + b - 3. Let j(d) = 2*l(d) + q(d). Determine j(k).
3
Let h(v) = 5*v - 144. Let p(f) = -f - 19. Let r(o) = -h(o) + 7*p(o). Give r(2).
-13
Let b(h) = -16*h - 194. Let d be b(-12). Let p(z) = -4*z. Determine p(d).
8
Let u(t) = -420*t + 16. Let h(g) = -331*g + 15. Let o(y) = 5*h(y) - 4*u(y). Give o(-3).
-64
Let x(t) = -2*t**2 - 2*t + 67. Let a(f) = 6*f**2 + 6*f - 199. Let j(c) = 6*a(c) + 17*x(c). Calculate j(-6).
5
Let s(y) = y**2 + 3*y + 1. Suppose 0 = -9*c + 8 + 10. Suppose -5 = -c*t + v - 2*v, -5*v = -4*t - 25. Suppose t = -b + 2 - 6. Calculate s(b).
5
Let x(u) = 3*u - 25. Suppose -2*z = -4*b - 24, z + 43 = -3*z - 5*b. What is x(z)?
-31
Let n(g) = -g**3 + 5*g - 1. Let s(x) = 76*x**3 + x**2 - 27*x + 8. Let m(c) = 6*n(c) + s(c). Determine m(-1).
-70
Let s(b) = -17*b**2 - 44*b - 145. Let a(t) = 3*t**2 + 8*t + 27. Let u(c) = 11*a(c) + 2*s(c). Calculate u(0).
7
Let f(w) = 3*w**2 + 3*w + 2. Let c(a) = -a. Let j(q) = -3*c(q) - f(q). Suppose -37*s - 28*s - 1560 = 0. Let y be s/(-96) - (-9)/(-4)*1. Calculate j(y).
-14
Let v = -64 - -69. Let i(t) be the second derivative of -t**3/6 + t**2 + 15*t + 2. Let z(d) = -6*d + 13. Let h(a) = 3*i(a) - z(a). Calculate h(v).
8
Let v(b) = b**3 - 17*b**2 - 20*b + 30. Let g be 3 - -5*2 - (0 + -5). What is v(g)?
-6
Let p be (1/(-5) - 3/(-15))/(55 + -56). Let t(o) = o**3 + o**2 + 30. Calculate t(p).
30
Let d(t) = 2*t**2 - 4*t - 1. Let y(h) = 9*h**2 - 9*h - 46. Let b(l) = 4*d(l) - y(l). Give b(-11).
-2
Let o(d) = -11*d + 3. Let m(v) = 20*v - 5. Let s = -68 + 75. Let j(z) = s*o(z) + 4*m(z). Give j(1).
4
Let i(x) be the second derivative of -x**4/12 + 5*x**3 + 65*x**2/2 - 114*x - 2. Determine i(32).
1
Suppose -4*l - 19 = -31. Suppose 2*z = -l*z + 2*j + 430, j - 430 = -5*z. Let a(u) = z + 7*u + 4*u**2 - 85 - 3*u**2. What is a(-6)?
-5
Suppose 275*l + 1539 + 111 = 0. Let w(m) = 15*m + 93. Calculate w(l).
3
Let p(u) = 91*u - 701. Let n(t) = -78*t + 601. Let f(j) = 15*n(j) + 13*p(j). Determine f(6).
-20
Let a(m) = m - 9. Let n(g) = g**3 - 10*g**2 - 8*g + 78. Let f be n(10). Calculate a(f).
-11
Let r(j) = 2718*j**2 - 3 - 2 - j - 2719*j**2. Let b(v) = v**3 - 13*v**2 + 13*v + 3. Let q be b(12). Let a be 2/(-5) - (-6)/q. Determine r(a).
-5
Let z(n) = -11*n**2 + 18*n + 38. Let u(m) = -9*m**2 + 17*m + 37. Let r(v) = 6*u(v) - 5*z(v). Let o(i) be the first derivative of r(i). What is o(-6)?
0
Suppose -4*u - 3*p + 128 = -16, 3*u = 2*p + 125. Let g(k) = -u*k + 11 + 32*k - 12. Suppose v = 6*v + z - 9, -3*v - 4*z + 19 = 0. Give g(v).
-8
Let i(o) = o**2. Let l be i(-1). Let y(b) = -3*b**2 - b**2 + b - 2*b - b**3 + l + 2*b**2. Let c = 1156 + -1158. Calculate y(c).
3
Let d(i) = 15*i**3 + i**2 - 2*i + 1. Suppose 10*m - 94 + 54 = 0. Let n be (-1)/(-1 + m + -4). Calculate d(n).
15
Let z(k) = -k + 3*k - 4 - 3*k + 2*k. Suppose -4*s + f - 50 = 0, 3*s + 3*f + 22 = -23. Let a(h) = -h**2 - 9*h + 52. Let p be a(s). Determine z(p).
-4
Suppose -2*q = 2*l - 51 - 35, -q + 31 = -3*l. Let j = q + -46. Let p(g) = -3*g - 4. Determine p(j).
14
Let q(r) be the third derivative of r**6/120 - r**5/15 + r**4/12 - 3*r**2 - 4011. Let a be ((-15)/10)/((-3)/4). Suppose -3*l - a*l + 20 = 0. Give q(l).
8
Let u(x) be the second derivative of -x**5/20 - 3*x**4/4 - 2*x**3 + 3*x**2/2 + 2476*x + 1. Calculate u(-7).
-11
Let z(s) = 279*s + 3 + 260*s - 3*s**2 - 543*s. Calculate z(-2).
-1
Let b(f) = 34 + f**2 + 8*f**3 - 1558*f - 35 + 1561*f. What is b(-2)?
-67
Let h(w) = -3*w + 6 - 10 + 12 + w. Let r(v) = 18*v**2 + 6 - 4*v - v**3 - v**3 - 9*v**2. Let u be r(4). What is h(u)?
-4
Let x(j) be the first derivative of j**4/12 - 2*j**3/3 + 4*j**2 + 51. Let k(y) be the second derivative of x(y). What is k(5)?
6
Let b(d) be the second derivative of 4*d**3/3 - 9*d**2 - 1883*d. What is b(3)?
6
Let a(b) = -b**3 + 21*b**2 - b + 56. Let h be a(21). Let g(m) = h + 37 - m + 34 - 108. Determine g(-3).
1
Let a(z) = -16*z - 253 - 264 - 295 + 887 - 198. Determine a(-8).
5
Let y(f) = -9*f**3 - 11*f**2 + 46*f + 25. Let r(i) = 4*i**3 + 6*i**2 - 19*i - 13. Let k(h) = -7*r(h) - 3*y(h). Calculate k(-8).
-8
Let u(p) be the second derivative of -p**4/12 + 3*p**3/2 + 23*p**2/2 - 149*p. Calculate u(-2).
1
Suppose 0 = 2*w + 4*b - 32, 7 = -3*w + 6*b - b. Let k(i) be the first derivative of -i**4/4 + 5*i**3/3 + 2*i**2 - 5*i - 20. Calculate k(w).
-17
Let v(h) = h**2 + 2*h - 19. Let p(x) = -x**2 - 30*x + 446. Let s be p(11). Calculate v(s).
-4
Let l(y) = 278 + 2*y**2 - 139 + 4*y - 140. What is l(-2)?
-1
Suppose 0 = 4*w + w + 165. Let r be 22/w*(-105)/(-10). Let m(i) be the second derivative of -i**3/6 + i**2 - 2*i. Determine m(r).
9
Let b(q) = -q**2 - 16*q + 1. Suppose -4122 + 5942 = -130*n. Give b(n).
29
Let j(q) = -4*q**3 - 1. Let w = 86 + -88. Let z be 3/3 + 1 - (5 + w). Give j(z).
3
Let w(g) = g**3 + 5*g**2 + 4*g. Let r be w(-4). Let m(u) = -23581 + 11874 - u**2 + u + 11701 + u**3. Give m(r).
-6
Let n(j) = -j**2 + 24*j - 73. Let w be (-4)/16*52 - -34. What is n(w)?
-10
Let p(d) be the first derivative of d**4/4 - d**3/3 - d**2/2 + 1. Let u(w) = 10*w + 115. Let t be u(-11). Suppose 0*q - 10 = t*q. Determine p(q).
-10
Let k(z) = 7*z - 2. Let h = -25 - -30. Suppose h*y + 2*v + 0*v = 14, 0 = -y - 4*v + 10. Determine k(y).
12
Let l = 169 - 171. Let c(f) = 0 - 353*f + 351*f - 1. Calculate c(l).
3
Let a(f) = 25670*f - 18*f**2 